{"id":101,"date":"2016-08-29T15:47:04","date_gmt":"2016-08-29T13:47:04","guid":{"rendered":"http:\/\/angelika-gloeckner.de\/?page_id=101"},"modified":"2026-04-14T08:21:59","modified_gmt":"2026-04-14T06:21:59","slug":"laufende-wb-in-transaktionsanalyse","status":"publish","type":"page","link":"https:\/\/angelika-gloeckner.de\/?page_id=101","title":{"rendered":"Laufende WB in Transaktionsanalyse"},"content":{"rendered":"<h4>Transaktionsanalytische Weiterbildung<\/h4>\n<p>&nbsp;<\/p>\n<p>in Bammental bei Heidelberg<\/p>\n<p>&nbsp;<\/p>\n<p><a href=\"http:\/\/angelika-gloeckner.de\/?page_id=195\">Anmeldung<\/a><\/p>\n<p>&nbsp;<\/p>\n<h5 style=\"text-align: center;\"><em><span style=\"font-size: small;\"><strong>&#8222;What you resist will persist&#8220;<\/strong><\/span><\/em><\/h5>\n<h5 style=\"text-align: center;\"><em><span style=\"font-size: small;\"><strong> (&#8222;Das, wogegen du dich wehrst, bleibt dir erhalten&#8220;)<\/strong><br \/>\n<\/span><\/em><\/h5>\n<div><\/div>\n<div>Meine <a href=\"http:\/\/angelika-gloeckner.de\/?page_id=19\">Philosophie<\/a> \u201eKurz begriffen&#8230;\u201c ist auch hier durchg\u00e4ngig Element meiner Weiterbildungskultur.<br \/>\nIch verstehe mich als systemisch denkende TA-lerin.<br \/>\nTransaktionsanalyse ist ein hochwirksames Denk-, Sprach- und Verhaltensmodell zur Analyse intrapsychischer Prozesse, zur Erkl\u00e4rung und effektiven Beeinflussung von Kommunikationsprozessen und ein Ansatz zur pers\u00f6nlichen Ver\u00e4nderung und Erweiterung des eigenen Weltbildes: kognitiv, emotional und auf Verhaltensebene. Von der TA k\u00f6nnen Sie sowohl pers\u00f6nlich als auch professionell profitieren.<br \/>\nSie dient auch als Grundstock f\u00fcr eine weitere Qualifizierung im Bereich Weiterbildung in Familienaufstellungen.<br \/>\nAuf diesem Fundament aufbauend, integriere ich weitere rekonstruktive Verfahren wie generationsperspektivische Sichtweisen, systemisches Gedankengut allgemein und psychomotorische Therapie nach <a href=\"http:\/\/angelika-gloeckner.de\/?page_id=175\">Al Pesso.<\/a><\/div>\n<p><strong>Weiterbildungsberechtigt<\/strong> bin ich neben Psychotherapie auch im Bereich P\u00e4dagogik und im Bereich Beratung.<br \/>\nDas Angebot richtet sich an alle heilenden, beratenden oder p\u00e4dagogischen Berufe, wie z.B. Psychotherapeuten, Berater, Supervisoren, Trainer und Coachs, Sozialarbeiter, \u00c4rzte, Psychologen, Seelsorger, Krankenschwestern, Lehrer, Erwachsenenbildner und Erzieher. Vereinzelt und je nach Interesse auch der Bereich Organisation.<br \/>\nInfrage kommen grunds\u00e4tzlich jene Personen, die sich fachlich mit und ohne TA-Abschlussexamen professionell qualifizieren bzw. ausreifen m\u00f6chten. Dies gilt auch f\u00fcr den Kommunikationsbereich in verschiedensten Kontexten, der <strong>Schwerpunkt der Inhalte liegt aber auf der Fortbildung zum\/zur Transaktionsanalytiker\/in.<\/strong><\/p>\n<p>&nbsp;<\/p>\n<p><em>In meinen Gruppen dient die TA als praktisches Werkzeug: Von einer Hand gef\u00fchrt, die \u00fcber das Herz und den Verstand achtsam gesteuert ist. <\/em><\/p>\n<p>&nbsp;<\/p>\n<p><strong>Inhalte<br \/>\n<\/strong>Allgemein wichtige Grundprinzipien gelingender Kommunikation (Wertsch\u00e4tzung, Achtsamkeit, R\u00fccksichtnahme und Ankopplung).<\/p>\n<div>\n<ol>\n<li>Vortrag wichtiger Grundkonzepte der TA und ihre laufende Vertiefung<\/li>\n<li>Diskussion dieser Konzepte, ihre Umsetzung in die Praxis und systemische Bez\u00fcge<\/li>\n<li>Zeitweise Vortr\u00e4ge der einzelnen Teilnehmer und Diskussion der Inhalte<\/li>\n<li>Supervision mit und ohne Band (Fallpr\u00e4sentation)<\/li>\n<li>Selbsterfahrung zu Lernzwecken bis zu dreimal pro Seminar und Analyse unter TA-Gesichtspunkten<\/li>\n<li>Examensvorbereitung in jeglicher Form, sowohl f\u00fcr die schriftliche Studie als auch m\u00fcndliche Examensvorbereitung und Examensb\u00e4nder<\/li>\n<li>\u00dcbergeordnete Themen zu Ethik, Philosophie und Reife (bzw. Gesundheit)<\/li>\n<li>Inhaltsrelevante \u00dcbungen zur \u201eAnschlussf\u00e4higkeit\u201c von Theorie an die Praxis und umgekehrt<\/li>\n<\/ol>\n<\/div>\n<p>Ausdr\u00fccklich habe ich mich entschieden, keine festen Curricula anzubieten. Der Lehrstoff h\u00e4lt sich flexibel an dem Bedarf der Teilnehmer orientiert (dieser wird regelm\u00e4\u00dfig besprochen).<br \/>\n<strong>Ein Abschluss mit Basiszertifikat (nach 3 Jahren) oder ein Abschluss als gepr\u00fcfter TA-ler (nach 4-6 Jahren) ist je nach Lage der Dinge gern m\u00f6glich.<br \/>\n<\/strong>F\u00fcr die Lehrer aus Hessen d\u00fcrfte interessant sein, dass diese Weiterbildung akkreditiert ist und pro Jahr 40 Punkte vergeben werden k\u00f6nnen.<\/p>\n<p>&nbsp;<\/p>\n<h6><a href=\"http:\/\/angelika-gloeckner.de\/?page_id=101\"><span style=\"color: #bc360a;\">Laufende Weiterbildung<\/span><\/a> in Transaktionsanalyse in Bammental<\/h6>\n<p>&nbsp;<\/p>\n<h5><strong>2026<\/strong><\/h5>\n<ul>\n<li>07.02. &#8211; 08.02.2026<\/li>\n<li>09.05. &#8211; 10.05.2026<\/li>\n<li>29.08. &#8211; 30.08.2026<\/li>\n<li>24.10. &#8211; 25.10.2026 &#8211; Sonderkurs: Das Enneagramm<\/li>\n<\/ul>\n<p><strong>Sa:<\/strong>\u00a0 10.00 \u2013 19.30 Uhr =\u00a08 Arbeitsstunden (inkl. 1 1\/2 Std. Mittagspause)<br \/>\n<strong>So:<\/strong>\u00a0 09.00 \u2013 14.30 Uhr = 5 Arbeitsstunden (inkl. 30 Min. Mittagspause)<br \/>\nGesamtarbeitszeit 13 Stunden<\/p>\n<p>&nbsp;<\/p>\n<p>Die Kosten: \u20ac 325,- bis \u20ac 400,- pro Wochenende.\u00a0 Sie bekommen zu jedem Seminar eine Rechnung. Bitte sch\u00e4tzen Sie sich fair ein (Staffelung) und bedenken Sie, dass die Summe von \u20ac 325,- f\u00fcr Niedrigverdienende angesetzt ist.<\/p>\n<p>&nbsp;<\/p>\n<p><strong>Gastregelung<br \/>\n<\/strong>Soweit Pl\u00e4tze frei sind, k\u00f6nnen gern interessierte G\u00e4ste teilnehmen. Bitte fragen Sie nach.<br \/>\nBei Ihrer ersten Teilnahme haben Sie ebenfalls den \u201eStatus\u201c eines Gastes. Sie k\u00f6nnen als Gast bis zu dreimal an der Weiterbildung teilnehmen, um sich ein Bild zu machen. Die Kosten sind dieselben wie als Festmitglied. Danach k\u00f6nnen Sie auf Wunsch (und M\u00f6glichkeit von freien Pl\u00e4tzen) einen festen Platz in der Gruppe erhalten.<\/p>\n<p>&nbsp;<\/p>\n<p><strong>Die Anmeldung<br \/>\n<\/strong> Die Anmeldung erfolgt online\u00a0<a href=\"http:\/\/angelika-gloeckner.de\/?page_id=195\">(Anmeldung)<\/a> und wird von mir telefonisch best\u00e4tigt.<\/p>\n<p>&nbsp;<\/p>\n<p><strong>Verbindlichkeit der Teilnahme:<\/strong><\/p>\n<p>Die Absagefrist f\u00fcr G\u00e4ste betr\u00e4gt 10 Tage vor dem jeweiligen Kursbeginn, danach ist der Platz auch zu bezahlen, wenn Sie verhindert sind. Hier besteht dann allerdings die M\u00f6glichkeit,\u00a0 einen Gast zu benennen, der dann statt Ihrer kommt (Absprache mit mir unbedingt notwendig).<\/p>\n<p>F\u00fcr Festmitglieder ist der Kurs f\u00fcr jeweils 1 Jahr<strong> (4 Kurse)<\/strong> verpflichtend. Es gilt eine K\u00fcndigungsfrist bis zum 4. Kurs des laufendes Jahres f\u00fcr das darauf folgende.<br \/>\nWenn ehemalige Festmitglieder als Gast kommen m\u00f6chten, steigt die Seminargeb\u00fchr um 20 \u20ac im Verghleich zu der Einsch\u00e4tzung als Festmitglied und eine rechtzeitige Anmeldung ist n\u00f6tig.<br \/>\nBitte lesen Sie auch die <a href=\"http:\/\/angelika-gloeckner.de\/?page_id=45\">Allgemeine Teilnahmebedingungen<\/a>.<\/p>\n<p>&nbsp;<\/p>\n<p id=\"spruch_left\" style=\"text-align: center;\"><span style=\"color: #000000;\"><em><span class=\"flusstext_grau\"><span class=\"title_red_bold\"><span style=\"font-family: Arial; font-size: small;\">&#8222;Wer einsieht, dass er seine Wirklichkeit selbst konstruiert, der ist wirklich frei. Er wei\u00df, dass er seine Wirklichkeit jederzeit \u00e4ndern kann.&#8220; <\/span><\/span> <\/span><\/em><\/span><\/p>\n<p style=\"text-align: center;\"><span style=\"color: #000000;\"><em><span class=\"flusstext_grau\"><span class=\"fluss_blau\"><span style=\"font-family: Arial; font-size: small;\">(Paul Watzlawick)<\/span><\/span><\/span><\/em><\/span><\/p>\n","protected":false},"excerpt":{"rendered":"<p>Transaktionsanalytische Weiterbildung &nbsp; in Bammental bei Heidelberg &nbsp; Anmeldung &nbsp; &#8222;What you resist will persist&#8220; (&#8222;Das, wogegen du dich wehrst, bleibt dir erhalten&#8220;) Meine Philosophie \u201eKurz begriffen&#8230;\u201c ist auch hier durchg\u00e4ngig Element meiner Weiterbildungskultur. Ich verstehe mich als systemisch denkende TA-lerin. Transaktionsanalyse ist ein hochwirksames Denk-, Sprach- und Verhaltensmodell zur Analyse intrapsychischer Prozesse, zur Erkl\u00e4rung &hellip; <a href=\"https:\/\/angelika-gloeckner.de\/?page_id=101\" class=\"more-link\"><span class=\"screen-reader-text\">Laufende WB in Transaktionsanalyse<\/span> weiterlesen <span class=\"meta-nav\">&rarr;<\/span><\/a><\/p>\n","protected":false},"author":1,"featured_media":0,"parent":97,"menu_order":2,"comment_status":"closed","ping_status":"closed","template":"","meta":{"footnotes":""},"class_list":["post-101","page","type-page","status-publish","hentry"],"_links":{"self":[{"href":"https:\/\/angelika-gloeckner.de\/index.php?rest_route=\/wp\/v2\/pages\/101","targetHints":{"allow":["GET"]}}],"collection":[{"href":"https:\/\/angelika-gloeckner.de\/index.php?rest_route=\/wp\/v2\/pages"}],"about":[{"href":"https:\/\/angelika-gloeckner.de\/index.php?rest_route=\/wp\/v2\/types\/page"}],"author":[{"embeddable":true,"href":"https:\/\/angelika-gloeckner.de\/index.php?rest_route=\/wp\/v2\/users\/1"}],"replies":[{"embeddable":true,"href":"https:\/\/angelika-gloeckner.de\/index.php?rest_route=%2Fwp%2Fv2%2Fcomments&post=101"}],"version-history":[{"count":31,"href":"https:\/\/angelika-gloeckner.de\/index.php?rest_route=\/wp\/v2\/pages\/101\/revisions"}],"predecessor-version":[{"id":1264,"href":"https:\/\/angelika-gloeckner.de\/index.php?rest_route=\/wp\/v2\/pages\/101\/revisions\/1264"}],"up":[{"embeddable":true,"href":"https:\/\/angelika-gloeckner.de\/index.php?rest_route=\/wp\/v2\/pages\/97"}],"wp:attachment":[{"href":"https:\/\/angelika-gloeckner.de\/index.php?rest_route=%2Fwp%2Fv2%2Fmedia&parent=101"}],"curies":[{"name":"wp","href":"https:\/\/api.w.org\/{rel}","templated":true}]}}