{"id":111,"date":"2016-08-29T15:50:28","date_gmt":"2016-08-29T13:50:28","guid":{"rendered":"http:\/\/angelika-gloeckner.de\/?page_id=111"},"modified":"2025-07-01T09:52:02","modified_gmt":"2025-07-01T07:52:02","slug":"transpersonale-entwicklung","status":"publish","type":"page","link":"https:\/\/angelika-gloeckner.de\/?page_id=111","title":{"rendered":"Spirituelle Entwicklung"},"content":{"rendered":"<h2 style=\"text-align: center;\">Spirituelle Entwicklung<\/h2>\n<p style=\"text-align: center;\"><strong>\u00a0<\/strong><\/p>\n<h6 style=\"text-align: center;\"><em>\u201eDie Zeit ist das bewegliche Bild der Ewigkeit.\u201c<\/em><br \/>\n<strong>Quelle:<\/strong> Sinngem\u00e4\u00df nach Aristoteles, aufgegriffen von Eckhart in seinen Predigten (z.\u202fB. Deutsche Predigt 52)<\/h6>\n<p><strong>\u00a0 \u00a0 \u00a0 \u00a0 \u00a0 \u00a0 \u00a0<\/strong><\/p>\n<ul>\n<li><img loading=\"lazy\" decoding=\"async\" title=\"Transpersonale Entwicklung\" src=\"http:\/\/www.angelika-gloeckner.de\/images\/stories\/Content\/lotus.jpg\" alt=\"Transpersonale Entwicklung\" width=\"149\" height=\"222\" align=\"right\" border=\"0\" hspace=\"30\" vspace=\"10\" \/>Neben dem pers\u00f6nlichkeitsorientierten Wachstum sehe ich eine GEISTIGE Orientierung als eigentliche Essence menschlicher Sehns\u00fcchte und\u00a0allen\u00a0irdischen Strebens.<\/li>\n<\/ul>\n<ul>\n<li>Hier geht es um die Erforschung des WAHREN SELBSTS, jenem Kernprinzip innerhalb der Pers\u00f6nlichkeit, das auf die R\u00dcCKVERBINDUNG zu Gott (Re-ligio) hin angelegt ist<\/li>\n<\/ul>\n<ul>\n<li>Auf dieser Basis integriert sich die WESENSWERDUNG in den lebendigen Alltag und l\u00e4\u00dft ihn in einem Licht von unverg\u00e4nglichem Charakter aufleuchten.<\/li>\n<\/ul>\n<ul>\n<li>Pers\u00f6nlichkeitsreifung und Seelenf\u00fclle miteinander in Verbundenheit zu halten, t\u00e4glich zu erleben und in einen lebendigen Alltag zu integrieren kann Ziel einer ausgereifter Gesamtentwicklung werden.<\/li>\n<\/ul>\n<p>&nbsp;<\/p>\n<p>&nbsp;<\/p>\n<p>&nbsp;<\/p>\n<p style=\"text-align: center;\"><strong>Mensch werde wesentlich. <\/strong><\/p>\n<p style=\"text-align: center;\"><strong>Denn wenn die Welt vergeht, so f\u00e4llt der Zufall weg: <\/strong><\/p>\n<p style=\"text-align: center;\"><strong>das Wesen, das besteht.<\/strong><\/p>\n<p style=\"text-align: center;\"><strong>Angelus Silesius<\/strong><\/p>\n","protected":false},"excerpt":{"rendered":"<p>Spirituelle Entwicklung \u00a0 \u201eDie Zeit ist das bewegliche Bild der Ewigkeit.\u201c Quelle: Sinngem\u00e4\u00df nach Aristoteles, aufgegriffen von Eckhart in seinen Predigten (z.\u202fB. Deutsche Predigt 52) \u00a0 \u00a0 \u00a0 \u00a0 \u00a0 \u00a0 \u00a0 Neben dem pers\u00f6nlichkeitsorientierten Wachstum sehe ich eine GEISTIGE Orientierung als eigentliche Essence menschlicher Sehns\u00fcchte und\u00a0allen\u00a0irdischen Strebens. Hier geht es um die Erforschung des &hellip; <a href=\"https:\/\/angelika-gloeckner.de\/?page_id=111\" class=\"more-link\"><span class=\"screen-reader-text\">Spirituelle Entwicklung<\/span> weiterlesen <span class=\"meta-nav\">&rarr;<\/span><\/a><\/p>\n","protected":false},"author":1,"featured_media":0,"parent":28,"menu_order":9,"comment_status":"closed","ping_status":"closed","template":"","meta":{"footnotes":""},"class_list":["post-111","page","type-page","status-publish","hentry"],"_links":{"self":[{"href":"https:\/\/angelika-gloeckner.de\/index.php?rest_route=\/wp\/v2\/pages\/111","targetHints":{"allow":["GET"]}}],"collection":[{"href":"https:\/\/angelika-gloeckner.de\/index.php?rest_route=\/wp\/v2\/pages"}],"about":[{"href":"https:\/\/angelika-gloeckner.de\/index.php?rest_route=\/wp\/v2\/types\/page"}],"author":[{"embeddable":true,"href":"https:\/\/angelika-gloeckner.de\/index.php?rest_route=\/wp\/v2\/users\/1"}],"replies":[{"embeddable":true,"href":"https:\/\/angelika-gloeckner.de\/index.php?rest_route=%2Fwp%2Fv2%2Fcomments&post=111"}],"version-history":[{"count":27,"href":"https:\/\/angelika-gloeckner.de\/index.php?rest_route=\/wp\/v2\/pages\/111\/revisions"}],"predecessor-version":[{"id":1141,"href":"https:\/\/angelika-gloeckner.de\/index.php?rest_route=\/wp\/v2\/pages\/111\/revisions\/1141"}],"up":[{"embeddable":true,"href":"https:\/\/angelika-gloeckner.de\/index.php?rest_route=\/wp\/v2\/pages\/28"}],"wp:attachment":[{"href":"https:\/\/angelika-gloeckner.de\/index.php?rest_route=%2Fwp%2Fv2%2Fmedia&parent=111"}],"curies":[{"name":"wp","href":"https:\/\/api.w.org\/{rel}","templated":true}]}}