{"id":168,"date":"2016-09-02T11:01:14","date_gmt":"2016-09-02T09:01:14","guid":{"rendered":"http:\/\/angelika-gloeckner.de\/?page_id=168"},"modified":"2016-09-30T09:18:52","modified_gmt":"2016-09-30T07:18:52","slug":"standby","status":"publish","type":"page","link":"https:\/\/angelika-gloeckner.de\/?page_id=168","title":{"rendered":"StandBy"},"content":{"rendered":"<h4>Stand-by-Regelung<\/h4>\n<p>&nbsp;<\/p>\n<div align=\"left\">\u201eStand-bys\u201c sind jene Interessenten oder lernende Personen, die in den Therapiekursen\u00a0als G\u00e4ste anwesend sind, ohne selbst eine Arbeitseinheit zu besetzen (teilnehmende Beobachter). Sie stellen sich f\u00fcr die Gruppenteilnehmer zur Verf\u00fcgung (Aufstellungsarbeit oder Pesso-Strukturen) und sind passiv Teilnehmende.\u00a0Eine solche Teilnahme ist entweder f\u00fcr einen Tag m\u00f6glich (und das am Samstag). F\u00fcr diesen Tag kostet die Teilnahme 95,00 \u20ac. Oder Sie nehmen an allen drei Tagen f\u00fcr insgesamt 195,00 \u20ac teil. Anmeldungen sind auch kurzfristig m\u00f6glich.\u00a0Eine Absage ist bis 3 Wochen vor Kursbeginn m\u00f6glich, danach wird die Seminargeb\u00fchr berechnet.<\/div>\n<div align=\"left\"><\/div>\n<div align=\"left\">Bitte vermerken Sie auf der Anmeldung, dass Sie als Standby teilnehmen werden und an welchen Tagen (Samstag oder alle drei Tage).<\/div>\n","protected":false},"excerpt":{"rendered":"<p>Stand-by-Regelung &nbsp; \u201eStand-bys\u201c sind jene Interessenten oder lernende Personen, die in den Therapiekursen\u00a0als G\u00e4ste anwesend sind, ohne selbst eine Arbeitseinheit zu besetzen (teilnehmende Beobachter). Sie stellen sich f\u00fcr die Gruppenteilnehmer zur Verf\u00fcgung (Aufstellungsarbeit oder Pesso-Strukturen) und sind passiv Teilnehmende.\u00a0Eine solche Teilnahme ist entweder f\u00fcr einen Tag m\u00f6glich (und das am Samstag). F\u00fcr diesen Tag kostet &hellip; <a href=\"https:\/\/angelika-gloeckner.de\/?page_id=168\" class=\"more-link\"><span class=\"screen-reader-text\">StandBy<\/span> weiterlesen <span class=\"meta-nav\">&rarr;<\/span><\/a><\/p>\n","protected":false},"author":1,"featured_media":0,"parent":0,"menu_order":0,"comment_status":"closed","ping_status":"closed","template":"","meta":{"footnotes":""},"class_list":["post-168","page","type-page","status-publish","hentry"],"_links":{"self":[{"href":"https:\/\/angelika-gloeckner.de\/index.php?rest_route=\/wp\/v2\/pages\/168","targetHints":{"allow":["GET"]}}],"collection":[{"href":"https:\/\/angelika-gloeckner.de\/index.php?rest_route=\/wp\/v2\/pages"}],"about":[{"href":"https:\/\/angelika-gloeckner.de\/index.php?rest_route=\/wp\/v2\/types\/page"}],"author":[{"embeddable":true,"href":"https:\/\/angelika-gloeckner.de\/index.php?rest_route=\/wp\/v2\/users\/1"}],"replies":[{"embeddable":true,"href":"https:\/\/angelika-gloeckner.de\/index.php?rest_route=%2Fwp%2Fv2%2Fcomments&post=168"}],"version-history":[{"count":3,"href":"https:\/\/angelika-gloeckner.de\/index.php?rest_route=\/wp\/v2\/pages\/168\/revisions"}],"predecessor-version":[{"id":282,"href":"https:\/\/angelika-gloeckner.de\/index.php?rest_route=\/wp\/v2\/pages\/168\/revisions\/282"}],"wp:attachment":[{"href":"https:\/\/angelika-gloeckner.de\/index.php?rest_route=%2Fwp%2Fv2%2Fmedia&parent=168"}],"curies":[{"name":"wp","href":"https:\/\/api.w.org\/{rel}","templated":true}]}}