{"id":175,"date":"2016-09-02T11:08:33","date_gmt":"2016-09-02T09:08:33","guid":{"rendered":"http:\/\/angelika-gloeckner.de\/?page_id=175"},"modified":"2016-09-02T11:08:33","modified_gmt":"2016-09-02T09:08:33","slug":"pessotherapie","status":"publish","type":"page","link":"https:\/\/angelika-gloeckner.de\/?page_id=175","title":{"rendered":"Pessotherapie"},"content":{"rendered":"<h2>Pessotherapie<\/h2>\n<div align=\"left\">Albert Pesso ist Amerikaner und hat in den letzten 50 Jahren eine ausgefeilte Methode zur Korrektur fr\u00fcher und ung\u00fcnstig verlaufener Entwicklungserfahrungen konzipiert.Hier geht es um eine passgenaue &#8222;Counter-Shape-Szene&#8220;, in der das Defizit oder Trauma durch sein optimales Gegenst\u00fcck ausgeglichen und neutralisiert wird. Die korrigierende Szene wird in der Pers\u00f6nlichkeitsstruktur integriert und dient der Ausreifung verschiedenster Strukturen und seelischer Funktionen.<\/p>\n<p>Sie f\u00f6rdert z. Bsp. auch das Erleben von Wohlbefinden, Integrit\u00e4t und Stabilit\u00e4t.<\/p>\n<\/div>\n","protected":false},"excerpt":{"rendered":"<p>Pessotherapie Albert Pesso ist Amerikaner und hat in den letzten 50 Jahren eine ausgefeilte Methode zur Korrektur fr\u00fcher und ung\u00fcnstig verlaufener Entwicklungserfahrungen konzipiert.Hier geht es um eine passgenaue &#8222;Counter-Shape-Szene&#8220;, in der das Defizit oder Trauma durch sein optimales Gegenst\u00fcck ausgeglichen und neutralisiert wird. Die korrigierende Szene wird in der Pers\u00f6nlichkeitsstruktur integriert und dient der Ausreifung &hellip; <a href=\"https:\/\/angelika-gloeckner.de\/?page_id=175\" class=\"more-link\"><span class=\"screen-reader-text\">Pessotherapie<\/span> weiterlesen <span class=\"meta-nav\">&rarr;<\/span><\/a><\/p>\n","protected":false},"author":1,"featured_media":0,"parent":0,"menu_order":0,"comment_status":"closed","ping_status":"closed","template":"","meta":{"footnotes":""},"class_list":["post-175","page","type-page","status-publish","hentry"],"_links":{"self":[{"href":"https:\/\/angelika-gloeckner.de\/index.php?rest_route=\/wp\/v2\/pages\/175","targetHints":{"allow":["GET"]}}],"collection":[{"href":"https:\/\/angelika-gloeckner.de\/index.php?rest_route=\/wp\/v2\/pages"}],"about":[{"href":"https:\/\/angelika-gloeckner.de\/index.php?rest_route=\/wp\/v2\/types\/page"}],"author":[{"embeddable":true,"href":"https:\/\/angelika-gloeckner.de\/index.php?rest_route=\/wp\/v2\/users\/1"}],"replies":[{"embeddable":true,"href":"https:\/\/angelika-gloeckner.de\/index.php?rest_route=%2Fwp%2Fv2%2Fcomments&post=175"}],"version-history":[{"count":1,"href":"https:\/\/angelika-gloeckner.de\/index.php?rest_route=\/wp\/v2\/pages\/175\/revisions"}],"predecessor-version":[{"id":176,"href":"https:\/\/angelika-gloeckner.de\/index.php?rest_route=\/wp\/v2\/pages\/175\/revisions\/176"}],"wp:attachment":[{"href":"https:\/\/angelika-gloeckner.de\/index.php?rest_route=%2Fwp%2Fv2%2Fmedia&parent=175"}],"curies":[{"name":"wp","href":"https:\/\/api.w.org\/{rel}","templated":true}]}}