{"id":45,"date":"2016-08-29T10:56:47","date_gmt":"2016-08-29T08:56:47","guid":{"rendered":"http:\/\/angelika-gloeckner.de\/?page_id=45"},"modified":"2025-02-04T12:04:12","modified_gmt":"2025-02-04T11:04:12","slug":"agbs","status":"publish","type":"page","link":"https:\/\/angelika-gloeckner.de\/?page_id=45","title":{"rendered":"AGBs"},"content":{"rendered":"<h1>Die Allgemeinen Gesch\u00e4ftsbedingungen<\/h1>\n<p>&nbsp;<\/p>\n<p>Liebe Teilnehmerin, lieber Teilnehmer!<br \/>\nIhre Anmeldung ist gleichzeitig ein Einverst\u00e4ndnis mit unseren Gesch\u00e4ftsbedingungen. Im Folgenden werden diese erl\u00e4utert.<\/p>\n<p>&nbsp;<\/p>\n<p><strong>Anmeldung<\/strong><\/p>\n<p>Sie k\u00f6nnen sich mit dem jeweiligen Anmeldeformular direkt von dieser Webseite aus anmelden. Nach schriftlicher Best\u00e4tigung durch uns (in aller Regel per Mail) sind Sie verbindlich gebucht. Mit der Zusendung Ihrer Anmeldung gelten zugleich die bei den einzelnen Veranstaltungen angef\u00fchrten Bedingungen und die Allgemeinen Teilnahmebedingungen als anerkannt. Bei Wochenendseminaren kann bei einer Anmeldung von weniger als 10 Teilnehmern von Seiten des Zentrums abgesagt werden.<\/p>\n<p>&nbsp;<\/p>\n<p>In der Regel wird ca. 7 &#8211; 10 Tage vor Seminarbeginn eine Rundmail verschickt, die neben allgemeinen Informationen auch die Adressliste enth\u00e4lt. Wenn Sie nicht w\u00fcnschen, dass Ihr Name und\/oder die Adressdaten an die anderen Teilnehmer weitergegeben werden (zur Orientierung und zur Bildung von Fahrgemeinschaften), dann teilen Sie uns das bitte rechtzeitig mit.<br \/>\nEs gilt f\u00fcr alle Teilnehmer ab dem Zeitpunkt der Anmeldung\u00a0Schweigepflicht.<\/p>\n<p>&nbsp;<\/p>\n<p><strong>Verbindlichkeit der Platzbuchung<\/strong><br \/>\nMit Ihrer Buchung haben Sie verbindlich einen Platz in einem Seminar, Gruppentherapie oder Einzelstunde (Therapie, Supervision, Coaching) gebucht.<br \/>\n\u00c4nderungen der Termine\u00a0m\u00f6chten wir uns vorbehalten, benachrichtigen Sie aber stets rechtzeitig dar\u00fcber.<\/p>\n<p>&nbsp;<\/p>\n<p><strong>Rechnungsstellung und F\u00e4lligkeit der Kursgeb\u00fchren<\/strong><br \/>\nBei Wochenendveranstaltungen gilt Vorkasse. Der Betrag muss <strong>4 Wochen<\/strong> vor Seminarbeginn bei uns eingegangen sein. Sie erhalten nach Ihrer Buchung eine Rechnung und eine Anmeldebest\u00e4tigung.<br \/>\nF\u00fcr die Weiterbildung in Transaktionsanalyse und die Einzelstunden (Therapie, Supervision, Coaching) gilt <strong>nicht<\/strong> Vorkasse, hier erhalten Sie entsprechend eine Rechnung nach erbrachter Leistung.<\/p>\n<p>&nbsp;<\/p>\n<p><strong>Stornierung<\/strong><br \/>\nEine Stornierung der gebuchten Seminare kann kostenfrei nur ber\u00fccksichtigt werden, wenn sie schriftlich und mindestens 4 Wochen vor Beginn bei uns eingeht. Danach ist der Betrag in voller H\u00f6he zu entrichten, es sei denn, ein geeigneter Ersatz wird rechtzeitig benannt und von uns akzeptiert oder jemand von der Warteliste r\u00fcckt nach.<br \/>\nF\u00fcr Gruppentherapie und die Weiterbildungsseminare in Transaktionsanalyse gelten andere Regelungen (siehe dort).<\/p>\n<p>Einzelstunden k\u00f6nnen problemlos abgesagt werden, wenn zwischen dem Tag des Termins und der Absage mindestens vier ganze Tage liegen (also vier GANZE Tage VOR dem Tag des stattfindenden Termins). Danach werden sie in Rechnung gestellt.<\/p>\n<p>&nbsp;<\/p>\n<p><strong>Datenschutz<\/strong><br \/>\nPersonenbezogene Daten werden nur mit Ihrem Wissen und Ihrer Einwilligung erhoben. Auf Antrag erhalten Sie unentgeltlich Auskunft zu den \u00fcber Sie gespeicherten personenbezogenen Daten. Es werden\u00a0stets alle datenschutzrechtlichen Bestimmungen eingehalten.<\/p>\n<p>Einw\u00e4nde gegen diese Gesch\u00e4ftsbedingungen bitten wir umgehend mitzuteilen. Heidelberg gilt als Gerichtsort vereinbart.<\/p>\n<p>&nbsp;<\/p>\n<p><strong>Meine Bankverbindung:<\/strong><\/p>\n<p>&nbsp;<\/p>\n<p><strong>Sparkasse Heidelberg:\u00a0\u00a0\u00a0\u00a0\u00a0\u00a0<\/strong><\/p>\n<p><strong>IBAN\u00a0\u00a0 DE61 6725 0020 0008 0060 67<\/strong><strong><br \/>\n<\/strong><strong>BIC\u00a0\u00a0\u00a0\u00a0\u00a0 SOLADES1HDB<\/strong><\/p>\n","protected":false},"excerpt":{"rendered":"<p>Die Allgemeinen Gesch\u00e4ftsbedingungen &nbsp; Liebe Teilnehmerin, lieber Teilnehmer! Ihre Anmeldung ist gleichzeitig ein Einverst\u00e4ndnis mit unseren Gesch\u00e4ftsbedingungen. Im Folgenden werden diese erl\u00e4utert. &nbsp; Anmeldung Sie k\u00f6nnen sich mit dem jeweiligen Anmeldeformular direkt von dieser Webseite aus anmelden. Nach schriftlicher Best\u00e4tigung durch uns (in aller Regel per Mail) sind Sie verbindlich gebucht. Mit der Zusendung Ihrer &hellip; <a href=\"https:\/\/angelika-gloeckner.de\/?page_id=45\" class=\"more-link\"><span class=\"screen-reader-text\">AGBs<\/span> weiterlesen <span class=\"meta-nav\">&rarr;<\/span><\/a><\/p>\n","protected":false},"author":1,"featured_media":0,"parent":0,"menu_order":8,"comment_status":"closed","ping_status":"closed","template":"","meta":{"footnotes":""},"class_list":["post-45","page","type-page","status-publish","hentry"],"_links":{"self":[{"href":"https:\/\/angelika-gloeckner.de\/index.php?rest_route=\/wp\/v2\/pages\/45","targetHints":{"allow":["GET"]}}],"collection":[{"href":"https:\/\/angelika-gloeckner.de\/index.php?rest_route=\/wp\/v2\/pages"}],"about":[{"href":"https:\/\/angelika-gloeckner.de\/index.php?rest_route=\/wp\/v2\/types\/page"}],"author":[{"embeddable":true,"href":"https:\/\/angelika-gloeckner.de\/index.php?rest_route=\/wp\/v2\/users\/1"}],"replies":[{"embeddable":true,"href":"https:\/\/angelika-gloeckner.de\/index.php?rest_route=%2Fwp%2Fv2%2Fcomments&post=45"}],"version-history":[{"count":6,"href":"https:\/\/angelika-gloeckner.de\/index.php?rest_route=\/wp\/v2\/pages\/45\/revisions"}],"predecessor-version":[{"id":1056,"href":"https:\/\/angelika-gloeckner.de\/index.php?rest_route=\/wp\/v2\/pages\/45\/revisions\/1056"}],"wp:attachment":[{"href":"https:\/\/angelika-gloeckner.de\/index.php?rest_route=%2Fwp%2Fv2%2Fmedia&parent=45"}],"curies":[{"name":"wp","href":"https:\/\/api.w.org\/{rel}","templated":true}]}}